tens digit of 6640?
4
What is the units digit of 96580?
0
What is the thousands digit of 2747?
2
What is the hundreds digit of 6561?
5
What is the hundreds digit of 2462?
4
What is the tens digit of 65140?
4
What is the units digit of 72382?
2
What is the units digit of 967?
7
What is the units digit of 32271?
1
What is the tens digit of 829?
2
What is the tens digit of 7708?
0
What is the units digit of 5949?
9
What is the thousands digit of 5123?
5
What is the tens digit of 1059?
5
What is the tens digit of 58936?
3
What is the units digit of 8249?
9
What is the units digit of 56107?
7
What is the hundreds digit of 919?
9
What is the hundreds digit of 6169?
1
What is the units digit of 1522?
2
What is the hundreds digit of 18506?
5
What is the units digit of 29004?
4
What is the tens digit of 485?
8
What is the hundreds digit of 295?
2
What is the hundreds digit of 2130?
1
What is the hundreds digit of 1209?
2
What is the ten thousands digit of 56532?
5
What is the hundreds digit of 21224?
2
What is the tens digit of 4006?
0
What is the tens digit of 1143?
4
What is the tens digit of 12453?
5
What is the tens digit of 799?
9
What is the tens digit of 19462?
6
What is the thousands digit of 1290?
1
What is the hundreds digit of 3008?
0
What is the units digit of 55932?
2
What is the hundreds digit of 28431?
4
What is the tens digit of 9889?
8
What is the thousands digit of 37638?
7
What is the hundreds digit of 4934?
9
What is the units digit of 303?
3
What is the thousands digit of 1364?
1
What is the thousands digit of 1562?
1
What is the thousands digit of 55885?
5
What is the hundreds digit of 37108?
1
What is the tens digit of 2823?
2
What is the thousands digit of 1601?
1
What is the units digit of 1483?
3
What is the tens digit of 962?
6
What is the tens digit of 21?
2
What is the hundreds digit of 3968?
9
What is the units digit of 702?
2
What is the hundreds digit of 561?
5
What is the thousands digit of 2489?
2
What is the hundreds digit of 8841?
8
What is the units digit of 652?
2
What is the hundreds digit of 62260?
2
What is the thousands digit of 2486?
2
What is the hundreds digit of 25383?
3
What is the thousands digit of 21543?
1
What is the hundreds digit of 7112?
1
What is the hundreds digit of 1233?
2
What is the units digit of 57201?
1
What is the hundreds digit of 554?
5
What is the ten thousands digit of 12949?
1
What is the units digit of 42552?
2
What is the thousands digit of 1497?
1
What is the units digit of 5500?
0
What is the tens digit of 2145?
4
What is the thousands digit of 38092?
8
What is the hundreds digit of 709?
7
What is the thousands digit of 34485?
4
What is the units digit of 7679?
9
What is the thousands digit of 1005?
1
What is the thousands digit of 53837?
3
What is the hundred thousands digit of 163600?
1
What is the units digit of 1260?
0
What is the units digit of 336?
6
What is the units digit of 25815?
5
What is the thousands digit of 2325?
2
What is the units digit of 3765?
5
What is the thousands digit of 7161?
7
What is the hundreds digit of 21840?
8
What is the hundreds digit of 1552?
5
What is the hundreds digit of 1057?
0
What is the units digit of 6633?
3
What is the units digit of 8?
8
What is the thousands digit of 19051?
9
What is the thousands digit of 55355?
5
What is the tens digit of 1012?
1
What is the tens digit of 4651?
5
What is the thousands digit of 2492?
2
What is the hundreds digit of 3853?
8
What is the units digit of 183?
3
What is the hundreds digit of 1738?
7
What is the tens digit of 360?
6
What is the tens digit of 16350?
5
What is the thousands digit of 3231?
3
What is the thousands digit of 5698?
5
What is the tens digit of 2408?
0
What is the units digit of 1470?
0
What is the tens digit of 31370?
7
What is the tens digit of 1055?
5
What is the tens digit of 5795?
9
What is the hundreds digit of 598?
5
What is the thousands digit of 8413?
8
What is the tens digit of 71?
7
What is the thousands digit of 1302?
1
What is the tens digit of 12179?
7
What is the units digit of 2353?
3
What is the tens digit of 8960?
6
What is the hundreds digit of 76260?
2
What is the ten thousands digit of 74293?
7
What is the hundreds digit of 16184?
1
What is the tens digit of 4926?
2
What is the tens digit of 1522?
2
What is the thousands digit of 58002?
8
What is the tens digit of 839?
3
What is the tens digit of 3088?
8
What is the tens digit of 9384?
8
What is the hundred thousands digit of 132549?
1
What is the hundred thousands digit of 142815?
1
What is the units digit of 4647?
7
What is the tens digit of 92548?
4
What is the units digit of 1426?
6
What is the thousands digit of 60435?
0
What is the hundreds digit of 872?
8
What is the thousands digit of 1526?
1
What is the hundreds digit of 3474?
4
What is the ten thousands digit of 92611?
9
What is the units digit of 181?
1
What is the hundreds digit of 3932?
9
What is the units digit of 78?
8
What is the tens digit of 31395?
9
What is the hundreds digit of 161?
1
What is the thousands digit of 19087?
9
What is the hundreds digit of 2463?
4
What is the ten thousands digit of 11086?
1
What is the hundreds digit of 3941?
9
What is the hundreds digit of 2049?
0
What is the units digit of 11937?
7
What is the thousands digit of 1027?
1
What is the tens digit of 7899?
9
What is the ten thousands digit of 34738?
3
What is the units digit of 4319?
9
What is the units digit of 59332?
2
What is the units digit of 26971?
1
What is the thousands digit of 3998?
3
What is the units digit of 295?
5
What is the thousands digit of 18482?
8
What is the thousands digit of 4817?
4
What is the hundreds digit of 23066?
0
What is the hundreds digit of 32357?
3
What is the units digit of 407?
7
What is the hundreds digit of 62353?
3
What is the tens digit of 199?
9
What is the units digit of 26050?
0
What is the units digit of 112?
2
What is the units digit of 26820?
0
What is the units digit of 45376?
6
What is the units digit of 1401?
1
What is the units digit of 872?
2
What is the units digit of 2385?
5
What is the thousands digit of 4035?
4
What is the tens digit of 451?
5
What is the units digit of 7094?
4
What is the hundreds digit of 714?
7
What is the ten thousands digit of 40886?
4
What is the thousands digit of 1332?
1
What is the hundreds digit of 45305?
3
What is the thousands digit of 4392?
4
What is the tens digit of 3007?
0
What is the tens digit of 76228?
2
What is the tens digit of 12130?
3
What is the thousands digit of 34497?
4
What is the hundreds digit of 1975?
9
What is the thousands digit of 1976?
1
What is the tens digit of 787?
8
What is the units digit of 47741?
1
What is the hundreds digit of 604?
6
What is the units digit of 1779?
9
What is the tens digit of 7173?
7
What is the hundreds digit of 4010?
0
What is the thousands digit of 1251?
1
What is the units digit of 12351?
1
What is the thousands digit of 26102?
6
What is the units digit of 278?
8
What is the tens digit of 2642?
4
What is the thousands digit of 1834?
1
What is the thousands digit of 60352?
0
What is the units digit of 2254?
4
What is the thousands digit of 1533?
1
What is the hundreds digit of 592?
5
What is the tens digit of 152?
5
What is the hundreds digit of 19641?
6
What is the tens digit of 5319?
1
What is the hundreds digit of 483?
4
What is the hundreds digit of 2448?
4
What is the ten thousands digit of 22890?
2
What is the tens digit of 62650?
5
What is the tens digit of 427?
2
What is the thousands digit of 1626?
1
What is the tens digit of 2993?
9
What is the tens digit of 91524?
2
What is the hundreds digit of 1530?
5
What is the units digit of 37532?
2
What is the tens digit of 5861?
6
What is the hundreds digit of 72186?
1
What is the thousands digit of 2805?
2
What is the hundreds digit of 349?
3
What is the ten thousands digit of 12807?
1
What is the units digit of 76882?
2
What is the tens digit of 2236?
3
What is the tens digit of 114539?
3
What is the units digit of 3174?
4
What is the hundreds digit of 6315?
3
What is the ten thousands digit of 64645?
6
What is the tens digit of 7240?
4
What is the thousands digit of 1540?
1
What is the tens digit of 3304?
0
What is the thousands digit of 4413?
4
What is the units digit of 8